
What is the value of -58 + 36 + -26 + 33 + 63?
48
What is the value of (-15 + 90 - -20 - -37) + -32?
100
Calculate 32 + 0 - (1 - (8 - 14) - (12 - 0)).
37
Evaluate -46 + 53 - (-198 + 113).
92
Calculate -28 - ((138 - 108) + -6).
-52
Evaluate -18 - (21 + (1 - 11 - 30)).
1
Evaluate (-4 - (-65 - -45)) + (2 - (3 + 0)).
15
What is 2 + 6 - (-102 + (-80 - -81))?
109
What is the value of 7 + (34 - 58) - 9?
-26
What is 31 + -4 - (-776 + 794)?
9
What is 82 + (-3 - 126) - (4 - 0)?
-51
What is the value of -25 - ((-4 - (1 + -4 - -2)) + (-18 - -18))?
-22
-33 + 45 - -130 - 128
14
Calculate 1 + 3 + -899 + 843.
-52
Calculate 54 + 54 + -13 + -85.
10
What is the value of 6 + -1 + -4 + (2 - -4) - -19?
26
What is -12 - (-9 + 11 + -12 + 5 - (-2 - -51))?
42
5 + (11 - (-2 - 0) - 14) + -11
-7
What is the value of 10 - (129 + 5 + -111)?
-13
8 + -6 - 5 - (75 + -69) - 31
-40
(0 - (1 + 2)) + -177 + 186
6
Evaluate (-9 - (-16 + (-9 - -4))) + -51 + (5 - 3).
-37
28 + -84 + (-12 - -6)
-62
What is (24 - (5 + -24)) + -18?
25
(-1 - -21) + (-60 + 86 - 62)
-16
What is the value of -7 - (-18 + 2) - (-6 + 0 - (-16 + 23))?
22
What is the value of (44 - (-2 - (4 - 4))) + -49 + 31 + 14?
42
504 - 407 - (131 + -14)
-20
Evaluate -233 + 295 - (2 - -43).
17
What is -73 + (-64 - (144 - 210))?
-71
Evaluate -43 - (-46 + (-37 - -85)).
-45
What is the value of 80 + -1 + 4 + -1 + -7 + 10 + 5?
90
What is the value of (6 - ((-14 + 2 - -6) + 79)) + 11?
-56
What is the value of 17 - 4 - (0 - -31 - 48 - 120)?
150
What is -132 + -111 + 444 + -140?
61
Evaluate 3 + (9 + -6 - -2) + -14 + -2 + -24.
-32
(-40 + -19 - -62) + 49
52
312 - 453 - (1 + 7 + -27)
-122
What is -4 - (17 - 8) - (-64 + 67)?
-16
(-4 - 3) + -4 + (-35 - (-41 - -3))
-8
What is the value of -24 - (-43 + -2 + 98 + -84)?
7
27 - (-113 + (-43 - -102))
81
What is 56 - (24 - -2 - (-36 - -37))?
31
What is the value of 14 + 3 + 0 - -4 - -41?
62
Evaluate -146 + (148 - (-84 - -195)) + (2 - 26).
-133
24 - (-12 - -19) - ((-21 - -16) + -54)
76
Calculate (-78 - -49) + (-43 - 7).
-79
Evaluate (-6 - 0 - -24) + -43 + (63 - 16).
22
Calculate (37 - 89) + 83 + -90.
-59
Calculate -4 + 2 + -3 + 54 + (11 - (-7 + 30)).
37
What is -1645 + 1736 - (-1 + 47)?
45
What is the value of 113 + (1 + 12 - (19 + 1)) + 19?
125
Calculate -5 - (-9 + 3 + -5 - (-1 - 22) - 1).
-16
What is the value of (295 - 412) + 46 + -6?
-77
5 - -34 - (1 + -3) - (23 + (-33 - -7))
44
Evaluate 3 - (7 - (8 - 28) - -36).
-60
What is the value of 0 - ((36 + -26 - (-4 + (-7 - -2))) + -2)?
-17
Evaluate -4 + 16 + 22 - (-38 - -21 - -4).
47
-51 + 21 + 11 - 67
-86
Calculate -57 + 0 + (42 - (2 - (9 + -42))).
-50
What is (9 - 3) + 3 + -32 + 13 + 2?
-8
What is the value of -6 - (11 + -6 + 10 + -25) - -4?
8
What is 38 + (7 - -5 - ((-124 - -153) + (0 - 16)))?
37
Calculate 4 + -32 - (45 + -50 + (-6 - 0)).
-17
What is the value of (0 - 11) + (-382 - -387) - (-13 - (-3 + 4))?
8
What is -27 - (5 - -25 - 66)?
9
Calculate (-140 - -150) + 0 + -3 + 43.
50
Calculate (5 - 16 - (50 - 62)) + (37 - -1) + -2.
37
29 - (-118 - (38 - 77)) - 22
86
Evaluate (69 - (-42 + 34)) + -37.
40
What is -12 + 13 + (-22 - 1) + 18?
-4
Evaluate (65 - (12 + -22)) + -52.
23
95 - 31 - (-3 + 14) - ((-5 - 1) + -5)
64
What is 13 + -35 + (-3 - -10) - (7 - (-97 + 17))?
-102
101 + ((21 - 9) + -10 + 14 + -15 - -9)
111
What is the value of (-6 - (6 - 1 - 26)) + -51?
-36
What is the value of (-40 + 62 - 11) + (-77 - (0 + -1))?
-65
What is the value of -52 + -137 + 129 - -26?
-34
-71 + -39 + 90 - (-69 + 3)
46
Calculate (28 - (0 - -6)) + (-4 - 5) - 11.
2
Calculate (13 - (57 - 34)) + 42.
32
What is 2 - ((-40 - -61) + -34)?
15
(113 - 146) + (168 - 11)
124
Evaluate 46 - (10 - 4) - (24 + -12 + -13).
41
Evaluate 9 + 3 - (-11 + (8 - 26)).
41
Calculate -74 - (-196 + 39) - -2.
85
Calculate 12 - 0 - ((1 - -26) + 141 + (-211 - -66)).
-11
Calculate (-4 - 23) + 42 - -25.
40
Calculate -127 - (-42 - -61 - 26 - (-21 + 2) - 14).
-125
14 - (2 - 35 - (-4 + (-10 - 5)))
28
What is the value of -92 - (82 + -89 + -100)?
15
2 + (-3 - (6 + -22)) + -66
-51
What is the value of -13 + (85 - 1 - 0) + 0 + -17?
54
What is -100 + 35 + 27 + 51?
13
-19 + 7 + -10 + -6 + 10
-18
Calculate 59 + -13 + -55 + 32.
23
Evaluate 4 + -31 + (5 - 0) - (763 - 643).
-142
What is the value of 1 + -5 + (15 - -17 - 20) - 19?
-11
-37 - (-15 - 32 - -26)
-16
-73 - ((12 + 9 - 15) + -19)
-60
Calculate -74 + -76 + 38 + 29.
-83
What is 3 + -20 + 5 + (11 - 1 - (-1175 - -1204))?
-31
What is 53 + (30 - (10 + (21 - -6)))?
46
What is the value of 76 + 7 + -2 - (-69 - -69 - (9 - -3))?
93
What is the value of -6 + (32 - 59) + -27 + 5?
-55
Calculate 5 + 7 + -21 - (-11 + 20 + (20 - -4)).
-42
What is -1069 + 993 + (1 - 16) + -3 + -5?
-99
((-6 - -3) + 2 - 27) + 24 + (119 - 135)
-20
What is the value of 1 - 30 - (2075 - 2183)?
79
Evaluate -874 + 898 - (65 + -4 + 1).
-38
Calculate -1 + -45 - (-34 + (80 - 33 - 18)).
-41
What is the value of -7 + -8 + (-2 - -9) + (-8 - (-9 + 10))?
-17
38 + (95 - -46 - 99)
80
Evaluate -1 + -12 + (5 - 13) + (-12 - -20) + -20.
-33
What is -132 - (-2 + (-57 - 72))?
-1
Evaluate 145 - (163 + -71) - 147.
-94
Evaluate 37 - (-43 - 7) - (0 - (-11 - (3 - 2))).
75
Evaluate -1 + (-40 - (-5 - 3)) + 57.
24
What is (-87 - -44) + 8 + 26 + 2 + 26?
19
What is the value of -25 + (-33 + 33 - 26 - (-13 - 0))?
-38
-80 + 2 + (-46 - (-11 - 23)) + 5
-85
What is the value of (48 - 4) + -4 - -83 - 37?
86
Calculate (-3845 - -3900) + (1 - -3).
59
(2 - -7 - (11 - 8 - -7)) + -43 - -3
-41
Calculate (-700 - -601) + (-20 - (-5 - -1)).
-115
Calculate -26 - (8 + (-1 - 22)) - (0 - 50).
39
Calculate 5 + (16 - ((-8 - 9) + 9)).
29
What is the value of 111 - (0 + 18 + (534 - 544) + -1 + 3)?
101
Calculate -22 + 2 - (-53 - (-57 + 25)).
1
What is -12 - ((3 + -95 - (-18 + -14 + 17)) + -15)?
80
What is the value of -609 + 534 + -3 + (-11 - 1 - (20 - 24))?
-86
Evaluate -49 - (-7 + (1 - -15) + (-10 - (7 - 12))).
-53
0 + (-2 - 16) + 20 + 22 + -18
6
What is 8 + (110 - (1 + (55 - 33)))?
95
Calculate -145 - ((72 - 230) + 96).
-83
What is (26 + 0 - 2) + 180 + -300 + 148?
52
Calculate -53 + (4 - -3 - (136 + -133)).
-49
(28 - -76 - (-2 + 17)) + (3 - 17) + 5
80
What is the value of (101 - 27 - 41) + -3?
30
What is ((48 - 22) + -24 - -28) + (0 - (10 - 1))?
21
Evaluate -13 + -2 + -3 - (6492 + -6554).
44
What is the value of 1 - (-124 - 2) - (20 - (16 - 13))?
110
Evaluate -42 + (41 - 114) + 171.
56
Calculate 2 + -8 + -14 + 55 + 27 + -27.
35
Evaluate 5 + (-14 - (-12 + 14)) + -81 + -10 + 0.
-102
Evaluate -8 + 7 - ((-19 - 25) + 30).
13
What is 39 - (3 + 2 + -14 - -10)?
38
What is (-5 - (-11 - 1) - (-10 + 25)) + (47 - 1)?
38
Evaluate 66 + (9 + 19 + -35 - -23).
82
Evaluate -1 + -1 - ((27 - -18 - 23 - 40) + 130).
-114
Evaluate -70 + 22 - 38 - -67.
-19
What is the value of -128 + (98 - (42 + 7))?
-79
What is 1631 + -1635 - (47 + -1)?
-50
(20 - (-51 + 118)) + 60
13
-16 - ((3 - 2) + -117 - (-80 - -62))
82
(-5334 - -5333) + (1 - 15 - 0)
-15
Evaluate (-43 - 7) + 56 + 13 + 0.
19
What is (-141 - -142) + 1 + 1 - (30 - 76)?
49
What is the value of -74 + (18 + -4 - -13) - -21?
-26
What is 475 + -588 - (-139 + 1)?
25
13 + -3 + (7 - -4) - 20 - (-70 + -1)
72
Evaluate -92 + 26 - (-14 + -114).
62
What is -2 + (1 - -21) + (8774 - 8781)?
13
Calculate 31 + (49 - 52) - 74.
-46
Calculate (-34 - 22) + 46 - -22 - (-9 + -1).
22
What is the value of 3413 - 3465 - (42 + -2)?
-92
Calculate 517 + -515 + (-1 - (5 - 6) - (0 + 44)).
-42
Calculate -25 + (-1 - -6 - (-39 - -33)).
-14
What is (-131 - -209) + (-59 - 11)?
8
What is 100 - (-12 + 188) - -173?
97
What is (13 + -3 + 11 - 11 - 4) + 12?
18
(-205 - -236 - (3 + 4)) + (0 - -8)
32
What is -137 - ((-50 - -2) + 132 + -94)?
-127
39 + (6 - ((1 - 13 - -10) + -3))
50
What is (-16 + 12 + 1 - 1) + -10?
-14
What is the value of (56 - 143) + 96 - 86?
-77
Calculate 5 - (-57 - -26) - 73.
-37
What is (28 + 7 + -19 - (2 - -7)) + (77 - 2)?
82
What is -15 - (2 + 13 + -34 - -3)?
1
What is 11 + (5 - (14 + 4 + -5)) + (2 - 20)?
-15
Calculate 423 - 403 - (41 - 0) - -51.
30
What is the value of 5931 + -5940 + (5 + -1 - (2 - 0))?
-7
Calculate -37 - (3 - (-54 - -91)).
-3
Evaluate -9 - (13 - (-189 + 206 - (20 + -2))).
-23
Calculate 1 + -6 - (-44 + 12 + -10 + 0 + -8).
45
Evaluate (20 - (3 + 40 + 14)) + 11 + -1.
-27
What is the value of (0 + -11 - 0) + (1 + -1 - 